(m) = -m**2 - 4*m + 2. Suppose -5*a = v + 8 + 29, -5*a = 4*v + 28. Give z(a).
-30
Let d = 146 - 147. Let x(g) = 27*g**3 + g**2 + 2*g + 1. Determine x(d).
-27
Let a(d) = -2*d - 5. Let r(h) = -5*h - 10. Let c(s) = -7*a(s) + 3*r(s). Let p be 2/(-7) + (-38)/(-133). Give c(p).
5
Let l(s) = s**2 - 10*s - 10. Let p(k) = -4*k**2 + 31*k + 30. Let g(t) = 7*l(t) + 2*p(t). Determine g(-8).
-10
Suppose 5*d - 8 = 7. Let w(z) = -z**2 + 3*z + 3. Let c be w(d). Let l(n) = n + n + 4 - 3*n - n. Determine l(c).
-2
Let u(r) = r**3 - 6*r**2 - 4*r. Let m(p) = -p + 16. Let n be m(10). Calculate u(n).
-24
Let p(w) be the first derivative of -5 - 1/3*w**3 - 3*w - 2*w**2. Determine p(-2).
1
Let g = -3 + 1. Let l(b) = b**3 + 1 - 1078*b**2 + 539*b**2 + 2*b + 541*b**2. Determine l(g).
-3
Suppose g = -3*s + 20, 5*s - 18 = g + 2. Let l(a) = 2*a - 2. Give l(s).
8
Let b(s) = -2*s - 5. Let u(h) = h + 2. Let f(x) = -4*b(x) - 9*u(x). Suppose 0 = -r + 5*r - 24. Determine f(r).
-4
Suppose 10 = 5*j - 0*j, -4*o - 18 = -5*j. Let s(w) = w**3 + 2*w**2 - w. Give s(o).
2
Let j(m) = -2*m - 6. Let l(b) = -b**2 - 17*b + 23. Let s be l(-18). Let o = 0 + 0. Suppose o*t - 5*t = s, -2*r - 5*t - 13 = 0. Determine j(r).
2
Let d(v) = -v - 10. Let s(q) = -q**2 + q - 1. Let i be s(3). What is d(i)?
-3
Suppose 3*y + 0 - 9 = 0. Let r(t) = -4*t**2 - 1 - y*t**2 + 10*t**2. Calculate r(-1).
2
Let k(x) = x**2 - 10*x - 16. Let w be k(11). Let s be 4/12*9/1. Let u(t) = 2 + s*t + 0 - 4*t. Give u(w).
7
Let h(p) be the third derivative of -p**5/60 + 5*p**4/24 + p**3/3 + 4*p**2 + 2*p. Determine h(7).
-12
Let h(q) be the third derivative of -q**4/24 - 2*q**3 - q**2. Let f be h(-11). Let y(n) be the second derivative of -5*n**3/6 - n**2/2 - 3*n. Give y(f).
4
Let b(f) be the first derivative of f**4/4 - 5*f**3/3 - 2*f**2 - 6*f + 24. Determine b(6).
6
Suppose o = -4*l + 11, 0*o + 3*o + 2*l = 3. Let c be 1*o/((-2)/2). Let x(p) = 25*p + 34. Let f(s) = 3*s + 4. Let j(y) = -51*f(y) + 6*x(y). Calculate j(c).
-3
Suppose -2*l + c + 9 = 0, 2*c + 5 = c. Let f(b) = -b + 0*b - 1 + b - l*b. Let s = -12 - -8. Give f(s).
7
Let i(o) = -5*o**3 - o + 1. Let r = 5 + 5. Suppose -q + 2 = -0*q, -2*k + r = 4*q. Let a be i(k). Let l(g) = -g - 7. Determine l(a).
-2
Suppose 0*s = s + 1. Let d(j) = 5*j**3 - 1. What is d(s)?
-6
Let r be (-19)/(-5) - (-5)/25. Let i(s) = -3*s + 5*s - s + r + 0*s. What is i(-5)?
-1
Let f be 14 + -15 - -1*3. Let b(r) = -23*r + 1 + 0 - 3 + 25*r. What is b(f)?
2
Let d(f) be the second derivative of f**5/20 + f**4/3 + f**3/6 - f**2/2 - 8*f. Give d(-4).
-5
Let d = -21 - -20. Let o(c) = 13*c**2. Give o(d).
13
Let z be (-2)/(-11) + 696/44. Suppose -1 = 5*t - z. Let n(b) = 2 - b**2 - 2 + 6*b - 2. Give n(t).
7
Let y(t) = 8 - 8*t - 17 + 6 + 4. What is y(4)?
-31
Suppose 5*m + 10 = 35. Let u(n) = n**3 + 6*n**2 - 2*n - 9. Let f be u(-6). Let j(v) = -5*v + m*v**2 - 6*v**2 - 1 + f. Give j(-5).
2
Suppose -2*b - 4 = 3*p, -7*p = -2*b - 5*p - 14. Suppose 3*m - 2 = q + 7, 0 = 3*m - 5*q - 9. Let s(g) = g**2 + 4*g + 0*g**2 - 5*g**2 - g**3 - m. Calculate s(b).
2
Let r(o) = o**2 + 5*o - 9. Let u(h) = -h**2 + 13*h + 41. Let s be u(16). Give r(s).
5
Let u(z) = z**3 - 5*z**2 + 6*z - 2. Suppose 4*t - p = -4*p + 25, -3*t + 3 = -3*p. Suppose 0*h + t*h = 16. Give u(h).
6
Let c(m) be the second derivative of -1/2*m**2 + 1/12*m**4 + m - 1/6*m**3 + 0. Suppose 8*i - 3*i - 10 = 0. Determine c(i).
1
Let f(z) = z**3 - 4*z**2 + z - 2. Let i be (-8)/44 + 48/22. Suppose -5 = -i*b + 1. What is f(b)?
-8
Let h(y) = 2 - 3*y**2 - y**3 + 2*y - 5*y + 0*y**2. Let w be h(-3). Let x(j) = 5 - 4 - w*j + 10*j. Determine x(0).
1
Let l = -39 - -32. Let v(g) = -g**2 - 7*g + 5. Give v(l).
5
Let d(i) = -i. Let l = 1 - -3. Let f(t) = -t - 1. Let o be f(l). Give d(o).
5
Let q(k) = -k**2 + 5*k + 0*k + k**3 + 1 + 6*k**2. Calculate q(-4).
-3
Let f(o) = 2 - 1 - 5 + 4*o. Let r(y) = -3 + 0 + 2. Let w(j) = f(j) - 4*r(j). Give w(2).
8
Let x(r) = r. Let c(l) = -5*l + 1. Let m(g) = -c(g) - 6*x(g). Let s(w) = 2*w + 1. Let k(b) = 5*m(b) + 3*s(b). What is k(-7)?
-9
Let a(g) be the first derivative of -11*g**2/2 - g - 2. Let d(c) = 23*c + 2. Let q(n) = 13*a(n) + 6*d(n). Let w be 4/(-34) + 30/(-34). Determine q(w).
4
Let z be (-1)/(-3 + 7) - 90/24. Let w(n) = n**3 + 6*n**2 + 3*n - 2. Calculate w(z).
18
Suppose -4*c - o - 1 + 15 = 0, -3*o = 3*c - 6. Let v = 0 + 1. Let t(p) = p**2 + 3 - v - 4*p**2 + p**3 - 4*p. What is t(c)?
2
Let g(p) = -p**3 + 13*p**2 + 3*p - 51. Let x be g(13). Let n(f) = f**2 + 12*f + 8. Determine n(x).
8
Let x be 2/(-6) + 3/9. Suppose -g = 4*g - 10. Let l(f) = -4*f - 6 + f**g + x*f + 10*f. Determine l(-5).
-11
Let z(q) = q**2 + 2*q. Let n be z(-2). Suppose -t = n, 3*g - 18 = 3*t - t. Let y(p) = -p + 8. What is y(g)?
2
Let t(a) = -19*a - a**2 - 1 - 20*a + 36*a. Let i = -16 - -24. Suppose -5*g + 3 - i = 0. Determine t(g).
1
Let z(m) = m. Let r = -16 - -19. Let u be z(r). Let c(q) = -q**2 - 1. Calculate c(u).
-10
Let c be ((-3)/(-2))/((-9)/12). Let q(z) = -z**3 - 2*z**2 - 3*z. Let x be q(c). Let u(l) = -l**3 + 5*l**2 + 5*l - 2. Determine u(x).
-8
Suppose -3*s = 2*s - 25. Suppose 0*d - 5*d + 20 = 0, 5*t + 3*d - 22 = 0. Let l(p) = -1 + 2 - 4*p - p**2 + t*p**2. Give l(s).
6
Let j(n) be the second derivative of n**4/6 - n**2/2 - 5*n. Give j(2).
7
Suppose 6*w + 13 = 2*y + w, -5*w - 5 = 0. Let j(d) = d - 4. Give j(y).
0
Let f(w) = 2*w - 1. Suppose 88*y + 10 = 86*y. Determine f(y).
-11
Let r(m) = -4*m + 1. Let n = 8 - 8. Suppose -5*w = -5 - n. What is r(w)?
-3
Let l(v) = -3*v - 14*v**2 + 11*v**2 + 4*v**2. Calculate l(3).
0
Let x(d) = -2*d. Let m be (-2)/((9/(-3))/(-3)). Suppose -4*c + 14 = a, 3*c + 4*a = -2*c + 12. Let f be c - (m*1)/(-2). Give x(f).
-6
Let c(f) be the first derivative of -f**2/2 + 6*f + 3. Let p(g) = g**3 - 3*g**2. Let s be p(3). Let r be 0/((s + -2)/(-2)). Determine c(r).
6
Let z(l) = 0*l - 9*l + 3*l. Suppose -5*f = 7 + 3. Let s = -3 - f. Determine z(s).
6
Let g(s) = -2*s + 11. Let v(h) = -1. Let q(p) = -g(p) - 4*v(p). Determine q(-7).
-21
Suppose 0*f = -2*f - 20. Let u = f + 9. Let g(b) = -2*b**3 + 2*b**2 - 1. Determine g(u).
3
Suppose -3*w - 2*y + 31 = 2*y, -2*w - y + 14 = 0. Let v(g) = 4 + 1 - 1 - g - w. Calculate v(-3).
2
Let p(x) = -1 + x**2 - 3 - 2*x**2 - x. Let d(i) = i - 1. Let j be d(3). Let w = 2 - j. Calculate p(w).
-4
Let b be 48/(-10) + 8/10 + -1. Let i(r) = r**3 + 7*r**2 + 6*r - 7. Give i(b).
13
Let f(d) = -451 + 4*d**2 + 6*d + d**3 - 9*d**2 + 453 - 3*d**2. What is f(7)?
-5
Let k(d) = 0 + 4 + 4 - 2 + d**2 + 4*d. Let q = 28 - 12. Let a be (q/4)/((-1)/1). Calculate k(a).
6
Suppose 23 = 5*d + 8. Let o = -8 + d. Let n(v) be the first derivative of -v**3/3 - 3*v**2 - 7*v + 1. Give n(o).
-2
Let p(h) = -7*h**3 + 6*h**2 - h + 6. Let k(d) = -20*d**3 + 18*d**2 - 3*d + 17. Let m(u) = 6*k(u) - 17*p(u). Give m(6).
-6
Let x(v) = v**2 - 6*v + 6. Let p be x(6). Suppose 6*i - 3*i - p = 0. Let o(r) = 2*r. Calculate o(i).
4
Let x(l) = -8*l. Let j be (13 + 7)*(-1)/(-4). Let n(b) = 7*b. Let h(v) = j*n(v) + 4*x(v). Determine h(-1).
-3
Suppose -5*s + w + 39 = 0, -2*s + 5*w = -14 - 20. Let x = -1 - -1. Suppose -5*o + s - 2 = x. Let d(u) = 7*u + 1. Calculate d(o).
8
Let o(l) = 1 - 3 + 2*l + l. Calculate o(3).
7
Let t(s) = -s**2 + 4*s - 2. Suppose 0*b + b = 5*z - 3, 3 = 3*z. Let m(q) = q**b - 4 - 1 - 2*q + 0. Let a be m(4). Give t(a).
1
Let p(d) = -d**2 + d - 1. Let x(g) = g**2 - 1. Let h(j) = -p(j) - 2*x(j). Suppose -8*c = -2*c. Suppose c = -8*a - 10 + 34. Determine h(a).
-9
Let j = 5 - 10. Let a(p) = -2*p + 18. Let t(m) = -m + 12. Let x(c) = j*a(c) + 8*t(c). Give x(-7).
-8
Let s(o) = -o**2 - 6*o - 9. Let z be (-3)/(-3) + 1 - 10 - -2. What is s(z)?
-9
Let l(x) = -x**2 + 3*x - 1. Let a(d) = -d**3 - 5*d**2 + 5*d - 3. Let g be a(-6). Calculate l(g).
-1
Let r be ((-12)/(-8) - 1)*4. Let s(p) be the second derivative of 1/6*p**3 + 1/20*p**5 + r*p - 1/3*p**4 + 1/2*p**2 + 0. Determine s(4).
5
Let m(w) = w + 5. Let i be m(-7). Let o(h) be the third derivative of 0*h + 3*h**2 - 1/60*h**5 + 0 - 1/12*h**4 - 1/6*h**3. Calculate o(i).
-1
Let o(p) = -p**3 - 6*p**2 + p + 4. Suppose -3*v + l + 3 = -6, 0 = -2*l. Let y be v/(-6)*14 + 1. Calculate o(y).
-2
Let d(j) = 6*j**2 + 9*j - 5. Let z(t) = -4 + 9*t**2 + 10*t - 4*t**2 - 2*t. Let m(i) = 4*d(i) - 5*z(i). Give m(-5).
-5
Suppose -3*j